{"id":249,"date":"2025-01-13T16:17:48","date_gmt":"2025-01-13T15:17:48","guid":{"rendered":"https:\/\/coachsportif-k.fr\/?page_id=249"},"modified":"2025-02-19T23:10:00","modified_gmt":"2025-02-19T22:10:00","slug":"je-commande-mon-pack","status":"publish","type":"page","link":"https:\/\/www.coachsportif-k.fr\/index.php\/je-commande-mon-pack\/","title":{"rendered":"Je commande mon pack"},"content":{"rendered":"\n<div class=\"wp-block-cover alignfull is-light\" style=\"min-height:95px;aspect-ratio:unset;\"><span aria-hidden=\"true\" class=\"wp-block-cover__background has-background-dim-100 has-background-dim\" style=\"background-color:#c8ad7f\"><\/span><div class=\"wp-block-cover__inner-container is-layout-constrained wp-block-cover-is-layout-constrained\">\n<p class=\"has-text-align-center has-light-color has-text-color has-link-color has-large-font-size wp-elements-6f4d7d18b583561453312a6eedcfccff\">LES PACKS<\/p>\n<\/div><\/div>\n\n\n\n<div class=\"wp-block-cover alignfull\"><span aria-hidden=\"true\" class=\"wp-block-cover__background has-background-dim\"><\/span><img loading=\"lazy\" decoding=\"async\" width=\"1024\" height=\"722\" class=\"wp-block-cover__image-background wp-image-373\" alt=\"\" src=\"https:\/\/coachsportif-k.fr\/wp-content\/uploads\/2025\/01\/IMG_7595-3-1024x722.jpg\" data-object-fit=\"cover\" srcset=\"https:\/\/www.coachsportif-k.fr\/wp-content\/uploads\/2025\/01\/IMG_7595-3-1024x722.jpg 1024w, https:\/\/www.coachsportif-k.fr\/wp-content\/uploads\/2025\/01\/IMG_7595-3-300x211.jpg 300w, https:\/\/www.coachsportif-k.fr\/wp-content\/uploads\/2025\/01\/IMG_7595-3-768x541.jpg 768w, https:\/\/www.coachsportif-k.fr\/wp-content\/uploads\/2025\/01\/IMG_7595-3-1170x824.jpg 1170w, https:\/\/www.coachsportif-k.fr\/wp-content\/uploads\/2025\/01\/IMG_7595-3.jpg 1290w\" sizes=\"auto, (max-width: 1024px) 100vw, 1024px\" \/><div class=\"wp-block-cover__inner-container is-layout-flow wp-block-cover-is-layout-flow\">\n<p class=\"has-text-align-center has-medium-large-font-size\"><strong>JE COMMANDE MON PACK<\/strong> <\/p>\n<\/div><\/div>\n\n\n\n<p><\/p>\n\n\n\n<div class=\"wp-block-buttons is-content-justification-center is-layout-flex wp-container-core-buttons-is-layout-a89b3969 wp-block-buttons-is-layout-flex\">\n<div class=\"wp-block-button\"><a class=\"wp-block-button__link wp-element-button\">Pack 12 s\u00e9ances en ligne<\/a><\/div>\n\n\n\n<div class=\"wp-block-button\"><a class=\"wp-block-button__link wp-element-button\">Pack 12 s\u00e9ances en pr\u00e9sentiel<\/a><\/div>\n\n\n\n<div class=\"wp-block-button\"><a class=\"wp-block-button__link has-text-align-center wp-element-button\">Pack Intensif &#8211; Perte de poids<\/a><\/div>\n<\/div>\n\n\n\n<div class=\"wp-block-buttons is-content-justification-center is-layout-flex wp-container-core-buttons-is-layout-a89b3969 wp-block-buttons-is-layout-flex\">\n<div class=\"wp-block-button\"><a class=\"wp-block-button__link wp-element-button\">Pack Intensif en ligne &#8211; Perte de poids&nbsp;<\/a><\/div>\n\n\n\n<div class=\"wp-block-button\"><a class=\"wp-block-button__link wp-element-button\">Pack Prise de masse<\/a><\/div>\n\n\n\n<div class=\"wp-block-button\"><a class=\"wp-block-button__link has-text-align-center wp-element-button\">Pack Post Partum<\/a><\/div>\n<\/div>\n\n\n\n<div class=\"wp-block-buttons is-content-justification-center is-layout-flex wp-container-core-buttons-is-layout-a89b3969 wp-block-buttons-is-layout-flex\">\n<div class=\"wp-block-button\"><a class=\"wp-block-button__link wp-element-button\">Programme personnalis\u00e9<\/a><\/div>\n<\/div>\n\n\n\n<p><\/p>\n\n\n\n<p class=\"has-text-align-center\"><strong>Ne repousse plus tes objectifs, atteins-les d\u00e8s maintenant !<\/strong><\/p>\n\n\n<style id=\"wpforms-css-vars-81-block-49a22a40-98bb-405b-bf2a-dc881e9c3469\">\n\t\t\t\t#wpforms-81.wpforms-block-49a22a40-98bb-405b-bf2a-dc881e9c3469 {\n\t\t\t\t--wpforms-label-color: #262626;\n--wpforms-label-sublabel-color: #7f7f7f;\n--wpforms-label-error-color: #ff0000;\n--wpforms-page-break-color: #dddddd;\n--wpforms-field-border-radius: 0px;\n--wpforms-field-border-color: #cccccc;\n--wpforms-field-border-color-spare: #cccccc;\n--wpforms-field-text-color: #444444;\n--wpforms-button-border-style: solid;\n--wpforms-button-border-radius: 0px;\n--wpforms-button-background-color: #dddddd;\n--wpforms-button-text-color: #666666;\n--wpforms-button-border-color: #cccccc;\n--wpforms-field-size-input-height: 43px;\n--wpforms-field-size-input-spacing: 15px;\n--wpforms-field-size-font-size: 16px;\n--wpforms-field-size-line-height: 19px;\n--wpforms-field-size-padding-h: 14px;\n--wpforms-field-size-checkbox-size: 16px;\n--wpforms-field-size-sublabel-spacing: 5px;\n--wpforms-field-size-icon-size: 1;\n--wpforms-label-size-font-size: 14px;\n--wpforms-label-size-line-height: 17px;\n--wpforms-label-size-sublabel-font-size: 13px;\n--wpforms-label-size-sublabel-line-height: 16px;\n--wpforms-button-size-font-size: 17px;\n--wpforms-button-size-height: 41px;\n--wpforms-button-size-padding-h: 15px;\n--wpforms-button-size-margin-top: 10px;\n--wpforms-container-shadow-size-box-shadow: none;\n\t\t\t}\n\t\t\t<\/style><div class=\"wpforms-container wpforms-container-full wpforms-stripe wpforms-block wpforms-block-49a22a40-98bb-405b-bf2a-dc881e9c3469 wpforms-render-modern\" id=\"wpforms-81\"><form id=\"wpforms-form-81\" class=\"wpforms-validate wpforms-form wpforms-ajax-form\" data-formid=\"81\" method=\"post\" enctype=\"multipart\/form-data\" action=\"\/index.php\/wp-json\/wp\/v2\/pages\/249\" data-token=\"d0d57d3375c75fe71b26de2bf4174503\" data-token-time=\"1775575795\"><noscript class=\"wpforms-error-noscript\">Veuillez activer JavaScript dans votre navigateur pour remplir ce formulaire.<\/noscript><div id=\"wpforms-error-noscript\" style=\"display: none;\">Veuillez activer JavaScript dans votre navigateur pour remplir ce formulaire.<\/div><div class=\"wpforms-field-container\"><div id=\"wpforms-81-field_7-container\" class=\"wpforms-field wpforms-field-payment-checkbox\" data-field-id=\"7\"><fieldset><legend class=\"wpforms-field-label\">Choisissez le pack de votre choix<\/legend><ul id=\"wpforms-81-field_7\"><li class=\"choice-5\"><input type=\"checkbox\" id=\"wpforms-81-field_7_5\" class=\"wpforms-payment-price\" data-amount=\"720,00\" name=\"wpforms[fields][7][]\" value=\"5\" aria-errormessage=\"wpforms-81-field_7_5-error\" aria-describedby=\"wpforms-81-field_7-description\"  ><label class=\"wpforms-field-label-inline\" for=\"wpforms-81-field_7_5\">Pack 12 s\u00e9ances en pr\u00e9sentiel &#8211; <span class=\"wpforms-currency-symbol\">720,00 &euro;<\/span><\/label><\/li><li class=\"choice-6\"><input type=\"checkbox\" id=\"wpforms-81-field_7_6\" class=\"wpforms-payment-price\" data-amount=\"550,00\" name=\"wpforms[fields][7][]\" value=\"6\" aria-errormessage=\"wpforms-81-field_7_6-error\" aria-describedby=\"wpforms-81-field_7-description\"  ><label class=\"wpforms-field-label-inline\" for=\"wpforms-81-field_7_6\">Pack 12 s\u00e9ances en ligne &#8211; <span class=\"wpforms-currency-symbol\">550,00 &euro;<\/span><\/label><\/li><li class=\"choice-10\"><input type=\"checkbox\" id=\"wpforms-81-field_7_10\" class=\"wpforms-payment-price\" data-amount=\"1.450,00\" name=\"wpforms[fields][7][]\" value=\"10\" aria-errormessage=\"wpforms-81-field_7_10-error\" aria-describedby=\"wpforms-81-field_7-description\"  ><label class=\"wpforms-field-label-inline\" for=\"wpforms-81-field_7_10\">Pack Intensif &#8211; Perte de poids- 2 mois &#8211; <span class=\"wpforms-currency-symbol\">1.450,00 &euro;<\/span><\/label><\/li><li class=\"choice-11\"><input type=\"checkbox\" id=\"wpforms-81-field_7_11\" class=\"wpforms-payment-price\" data-amount=\"1.250,00\" name=\"wpforms[fields][7][]\" value=\"11\" aria-errormessage=\"wpforms-81-field_7_11-error\" aria-describedby=\"wpforms-81-field_7-description\"  ><label class=\"wpforms-field-label-inline\" for=\"wpforms-81-field_7_11\">Pack Intensif en ligne -Perte de poids &#8211; 2 mois &#8211; <span class=\"wpforms-currency-symbol\">1.250,00 &euro;<\/span><\/label><\/li><li class=\"choice-12\"><input type=\"checkbox\" id=\"wpforms-81-field_7_12\" class=\"wpforms-payment-price\" data-amount=\"1.450,00\" name=\"wpforms[fields][7][]\" value=\"12\" aria-errormessage=\"wpforms-81-field_7_12-error\" aria-describedby=\"wpforms-81-field_7-description\"  ><label class=\"wpforms-field-label-inline\" for=\"wpforms-81-field_7_12\">Pack Prise de masse -2mois &#8211; <span class=\"wpforms-currency-symbol\">1.450,00 &euro;<\/span><\/label><\/li><li class=\"choice-13\"><input type=\"checkbox\" id=\"wpforms-81-field_7_13\" class=\"wpforms-payment-price\" data-amount=\"1.200,00\" name=\"wpforms[fields][7][]\" value=\"13\" aria-errormessage=\"wpforms-81-field_7_13-error\" aria-describedby=\"wpforms-81-field_7-description\"  ><label class=\"wpforms-field-label-inline\" for=\"wpforms-81-field_7_13\">Pack Post Partum &#8211; 3 mois &#8211; <span class=\"wpforms-currency-symbol\">1.200,00 &euro;<\/span><\/label><\/li><li class=\"choice-9\"><input type=\"checkbox\" id=\"wpforms-81-field_7_9\" class=\"wpforms-payment-price\" data-amount=\"360,00\" name=\"wpforms[fields][7][]\" value=\"9\" aria-errormessage=\"wpforms-81-field_7_9-error\" aria-describedby=\"wpforms-81-field_7-description\"  ><label class=\"wpforms-field-label-inline\" for=\"wpforms-81-field_7_9\">Programme personnalis\u00e9  -8 semaines &#8211; <span class=\"wpforms-currency-symbol\">360,00 &euro;<\/span><\/label><\/li><li class=\"choice-14\"><input type=\"checkbox\" id=\"wpforms-81-field_7_14\" class=\"wpforms-payment-price\" data-amount=\"100,00\" name=\"wpforms[fields][7][]\" value=\"14\" aria-errormessage=\"wpforms-81-field_7_14-error\" aria-describedby=\"wpforms-81-field_7-description\"  ><label class=\"wpforms-field-label-inline\" for=\"wpforms-81-field_7_14\">Conseils nutritionnels &#8211; <span class=\"wpforms-currency-symbol\">100,00 &euro;<\/span><\/label><\/li><\/ul><div id=\"wpforms-81-field_7-description\" class=\"wpforms-field-description\">*Les packs 12 s\u00e9ances ont une validit\u00e9s de 3 mois selon les disponibilit\u00e9s du client.\n**Les packs intensifs sont \u00e0 raison de 4 entrainements\/semaine pendant 2 mois.\n***Les packs prise de masse sont \u00e0 raison de 4 entrainements\/semaine. \n****Les packs post partum sont \u00e0 raison de 2 entrainements\/semaine. <\/div><\/fieldset><\/div>\t\t<div id=\"wpforms-81-field_3-container\"\n\t\t\tclass=\"wpforms-field wpforms-field-text\"\n\t\t\tdata-field-type=\"text\"\n\t\t\tdata-field-id=\"3\"\n\t\t\t>\n\t\t\t<label class=\"wpforms-field-label\" for=\"wpforms-81-field_3\" >T\u00e9l\u00e9phone bancaire Carte<\/label>\n\t\t\t<input type=\"text\" id=\"wpforms-81-field_3\" class=\"wpforms-field-medium\" name=\"wpforms[fields][3]\" >\n\t\t<\/div>\n\t\t<div id=\"wpforms-81-field_1-container\" class=\"wpforms-field wpforms-field-name\" data-field-id=\"1\"><fieldset><legend class=\"wpforms-field-label\">Identit\u00e9 <span class=\"wpforms-required-label\" aria-hidden=\"true\">*<\/span><\/legend><div class=\"wpforms-field-row wpforms-field-medium\"><div class=\"wpforms-field-row-block wpforms-first wpforms-one-half\"><input type=\"text\" id=\"wpforms-81-field_1\" class=\"wpforms-field-name-first wpforms-field-required\" name=\"wpforms[fields][1][first]\" aria-errormessage=\"wpforms-81-field_1-error\" required><label for=\"wpforms-81-field_1\" class=\"wpforms-field-sublabel after\">Pr\u00e9nom<\/label><\/div><div class=\"wpforms-field-row-block wpforms-one-half\"><input type=\"text\" id=\"wpforms-81-field_1-last\" class=\"wpforms-field-name-last wpforms-field-required\" name=\"wpforms[fields][1][last]\" aria-errormessage=\"wpforms-81-field_1-last-error\" required><label for=\"wpforms-81-field_1-last\" class=\"wpforms-field-sublabel after\">Nom<\/label><\/div><\/div><\/fieldset><\/div><div id=\"wpforms-81-field_19-container\" class=\"wpforms-field wpforms-field-phone\" data-field-id=\"19\"><label class=\"wpforms-field-label\" for=\"wpforms-81-field_19\">T\u00e9l\u00e9phone <span class=\"wpforms-required-label\" aria-hidden=\"true\">*<\/span><\/label><input type=\"tel\" id=\"wpforms-81-field_19\" class=\"wpforms-field-medium wpforms-field-required wpforms-smart-phone-field\" data-rule-smart-phone-field=\"true\" name=\"wpforms[fields][19]\" aria-label=\"T\u00e9l\u00e9phone\" aria-errormessage=\"wpforms-81-field_19-error\" required><\/div><div id=\"wpforms-81-field_2-container\" class=\"wpforms-field wpforms-field-email\" data-field-id=\"2\"><label class=\"wpforms-field-label\" for=\"wpforms-81-field_2\">Email <span class=\"wpforms-required-label\" aria-hidden=\"true\">*<\/span><\/label><input type=\"email\" id=\"wpforms-81-field_2\" class=\"wpforms-field-medium wpforms-field-required\" name=\"wpforms[fields][2]\" spellcheck=\"false\" aria-errormessage=\"wpforms-81-field_2-error\" required><\/div><div id=\"wpforms-81-field_8-container\" class=\"wpforms-field wpforms-field-payment-total wpforms-field-medium\" data-field-id=\"8\" aria-live=\"polite\" aria-atomic=\"true\"><label class=\"wpforms-field-label\">Total<\/label><div class=\"wpforms-payment-total\" style=\"\">0,00 &euro;<\/div><input type=\"hidden\" id=\"wpforms-81-field_8\" class=\"wpforms-field-medium wpforms-payment-total\" name=\"wpforms[fields][8]\" value=\"0\"><\/div><div id=\"wpforms-81-field_17-container\" class=\"wpforms-field wpforms-field-stripe-credit-card\" data-field-id=\"17\"><label class=\"wpforms-field-label\">Carte bancaire Stripe <span class=\"wpforms-required-label\" aria-hidden=\"true\">*<\/span><\/label><div class=\"wpforms-field-row wpforms-no-columns wpforms-field-medium \" data-sublabel-position=\"above\" data-link-email=\"\" data-required=\"1\"><div id=\"wpforms-field-stripe-link-element-81\"><\/div><div id=\"wpforms-field-stripe-payment-element-81\"><\/div><input type=\"text\" class=\"wpforms-stripe-credit-card-hidden-input\" name=\"wpforms[stripe-credit-card-hidden-input-81]\" disabled style=\"display: none;\"><\/div><\/div><script>\n\t\t\t\t( function() {\n\t\t\t\t\tconst style = document.createElement( 'style' );\n\t\t\t\t\tstyle.appendChild( document.createTextNode( '#wpforms-81-field_3-container { position: absolute !important; overflow: hidden !important; display: inline !important; height: 1px !important; width: 1px !important; z-index: -1000 !important; padding: 0 !important; } #wpforms-81-field_3-container input { visibility: hidden; } #wpforms-conversational-form-page #wpforms-81-field_3-container label { counter-increment: none; }' ) );\n\t\t\t\t\tdocument.head.appendChild( style );\n\t\t\t\t\tdocument.currentScript?.remove();\n\t\t\t\t} )();\n\t\t\t<\/script><\/div><!-- .wpforms-field-container --><div class=\"wpforms-submit-container\" ><input type=\"hidden\" name=\"wpforms[id]\" value=\"81\"><input type=\"hidden\" name=\"page_title\" value=\"\"><input type=\"hidden\" name=\"page_url\" value=\"https:\/\/www.coachsportif-k.fr\/index.php\/wp-json\/wp\/v2\/pages\/249\"><input type=\"hidden\" name=\"url_referer\" value=\"\"><button type=\"submit\" name=\"wpforms[submit]\" id=\"wpforms-submit-81\" class=\"wpforms-submit\" data-alt-text=\"Envoi...\" data-submit-text=\"Envoyer\" aria-live=\"assertive\" value=\"wpforms-submit\">Envoyer<\/button><img loading=\"lazy\" decoding=\"async\" src=\"https:\/\/www.coachsportif-k.fr\/wp-content\/plugins\/wpforms\/assets\/images\/submit-spin.svg\" class=\"wpforms-submit-spinner\" style=\"display: none;\" width=\"26\" height=\"26\" alt=\"Chargement en cours\"><\/div><\/form><\/div>  <!-- .wpforms-container -->","protected":false},"excerpt":{"rendered":"<p>Ne repousse plus tes objectifs, atteins-les d\u00e8s maintenant !<\/p>\n","protected":false},"author":1,"featured_media":0,"parent":0,"menu_order":0,"comment_status":"closed","ping_status":"closed","template":"","meta":{"om_disable_all_campaigns":false,"_monsterinsights_skip_tracking":false,"_monsterinsights_sitenote_active":false,"_monsterinsights_sitenote_note":"","_monsterinsights_sitenote_category":0,"footnotes":""},"class_list":["post-249","page","type-page","status-publish","hentry"],"aioseo_notices":[],"_links":{"self":[{"href":"https:\/\/www.coachsportif-k.fr\/index.php\/wp-json\/wp\/v2\/pages\/249","targetHints":{"allow":["GET"]}}],"collection":[{"href":"https:\/\/www.coachsportif-k.fr\/index.php\/wp-json\/wp\/v2\/pages"}],"about":[{"href":"https:\/\/www.coachsportif-k.fr\/index.php\/wp-json\/wp\/v2\/types\/page"}],"author":[{"embeddable":true,"href":"https:\/\/www.coachsportif-k.fr\/index.php\/wp-json\/wp\/v2\/users\/1"}],"replies":[{"embeddable":true,"href":"https:\/\/www.coachsportif-k.fr\/index.php\/wp-json\/wp\/v2\/comments?post=249"}],"version-history":[{"count":22,"href":"https:\/\/www.coachsportif-k.fr\/index.php\/wp-json\/wp\/v2\/pages\/249\/revisions"}],"predecessor-version":[{"id":735,"href":"https:\/\/www.coachsportif-k.fr\/index.php\/wp-json\/wp\/v2\/pages\/249\/revisions\/735"}],"wp:attachment":[{"href":"https:\/\/www.coachsportif-k.fr\/index.php\/wp-json\/wp\/v2\/media?parent=249"}],"curies":[{"name":"wp","href":"https:\/\/api.w.org\/{rel}","templated":true}]}}